 -c**3 - 10*c**2 - 11*c - 10. Determine d(-9).
8
Let d(j) = -j**2 - 25*j + 112. Give d(-29).
-4
Let f(d) = d**2 - 8*d - 36. What is f(11)?
-3
Let r(k) = -18*k + 457. Give r(25).
7
Let w(q) = 2*q**2 + q + 4. What is w(0)?
4
Let i(g) = g**3 + 41*g**2 + 41*g + 35. What is i(-40)?
-5
Let p(h) = h**3 + 9*h**2 - 43*h + 27. Calculate p(-13).
-90
Let b(j) = 6*j - 58. Give b(9).
-4
Let o(m) = m**2 - 13*m - 3. Give o(10).
-33
Let h(g) = -3*g - 18. Determine h(-10).
12
Let a(k) = 44*k**3. What is a(-1)?
-44
Let y(v) = 2*v + 29. Determine y(-13).
3
Let h(w) = -w**3 - 6*w**2 + 2*w + 5. Determine h(-5).
-30
Let b(j) = j**3 + 3*j**2 - 6*j - 7. What is b(-4)?
1
Let j(k) = -k**2 - 5*k - 7. Determine j(-5).
-7
Let u(g) = 9*g - 96. Determine u(11).
3
Let t(z) = -2*z + 23. Give t(12).
-1
Let z(u) = -u**3 + 2*u**2 - 5*u - 3. Determine z(0).
-3
Let b(j) = 10*j**2 + 80*j + 6. Calculate b(-8).
6
Let t(g) = -4*g**3 + 2*g**2 - g. Calculate t(1).
-3
Let z(u) = -4*u + 6. Determine z(-7).
34
Let r(m) = -m**3 + 3*m**2 + 2*m + 3. What is r(3)?
9
Let o(y) = y**2 - 11*y + 9. Give o(10).
-1
Let q(v) = 6*v - 41. Calculate q(14).
43
Let r(s) = -18*s - 121. What is r(-7)?
5
Let o(q) = -q**3 - 17*q**2 + q + 41. Give o(-17).
24
Let k(y) = y**3 + 8*y**2 + 4*y - 8. Give k(-8).
-40
Let s(q) = q + 13. Calculate s(-6).
7
Let p(k) = 2*k - 7. What is p(8)?
9
Let p(d) = 2*d**2 + d. Determine p(-2).
6
Let x(p) = 18*p + 523. What is x(-29)?
1
Let y(p) = 4*p**2 + 22*p - 4. Give y(-5).
-14
Let x(f) = -f**3 + 2*f - 83. Give x(0).
-83
Let o(d) = 9*d**2 + 2*d - 1. Give o(1).
10
Let r(p) = -p**2 - 3*p + 1. Determine r(-4).
-3
Let z(l) = l**2 - 10*l - 1. Give z(8).
-17
Let h(c) = -c**3 + 4*c**2 + 6. What is h(5)?
-19
Let c(f) = -f**2 + 4*f + 6. Give c(7).
-15
Let j(t) = t**2 - 11*t + 20. Calculate j(9).
2
Let b(l) = -l**2 - 3*l + 118. Determine b(10).
-12
Let v(h) = -h**3 - 12*h**2 + h + 18. Determine v(-12).
6
Let z(x) = x**2 - 13*x + 30. Give z(10).
0
Let d(q) = 2*q + 25. What is d(-14)?
-3
Let a(i) = i - 17. What is a(8)?
-9
Let d(p) = -p**3 - 5*p**2 - 5*p - 6. Give d(-4).
-2
Let j(i) = -i**3 + 13*i**2 + 2*i + 12. What is j(13)?
38
Let f(w) = -9*w. Calculate f(2).
-18
Let f(b) = -2*b**3 - 3*b**2 - b - 5. Calculate f(-3).
25
Let f(h) = 8*h + 9. What is f(-5)?
-31
Let w(h) = h**3 - 23*h**2 + h - 18. Give w(23).
5
Let y(k) = -k**2 + 11*k - 18. What is y(8)?
6
Let l(q) = q**3 + 5*q**2 + 6. Determine l(-5).
6
Let p(a) = -5*a - 108. Determine p(-21).
-3
Let g(s) = 10*s + 4. Determine g(-1).
-6
Let b(k) = -17*k + 1. Give b(-3).
52
Let m(l) = -l**2 + 46*l - 494. What is m(18)?
10
Let g(u) = u**3 - 7*u**2 - 13*u + 16. Give g(8).
-24
Let c(h) = -h**3 - 18*h**2 + 19*h - 16. Calculate c(-19).
-16
Let y(s) = -s**3 + 7*s**2 + 5. What is y(7)?
5
Let v(r) = r**3 - r**2 - 3*r + 2. What is v(-2)?
-4
Let p(z) = -z**3 - 16*z**2 + 36*z + 4. Calculate p(-18).
4
Let t(a) = a**3 - 3*a + 3. Give t(-3).
-15
Let c(w) = -4*w + 3. Give c(-1).
7
Let o(b) = -2*b**2 - 7*b - 10. Give o(-4).
-14
Let h(g) = -g**2 + 4*g + 5. Determine h(4).
5
Let n(d) = d**2 - 30*d + 27. Determine n(29).
-2
Let d(k) = -k**3 + 9*k**2 + 5*k + 2. Give d(9).
47
Let x(r) = 107*r - 946. Calculate x(9).
17
Let m(g) = g**3 - 8*g**2 + 3*g + 4. Calculate m(7).
-24
Let i(g) = -2*g + 8. What is i(-5)?
18
Let c(q) = -34*q + 252. Determine c(7).
14
Let i(c) = -15*c - 8. Calculate i(-5).
67
Let g(z) = z**3 - 9*z**2 + 9*z. Calculate g(5).
-55
Let w(y) = -3*y**3 - 5*y**2 + 3*y - 1. What is w(-3)?
26
Let q(k) = 2*k**2 + 68*k + 65. Calculate q(-33).
-1
Let g(k) = k**2 + 9*k - 18. Calculate g(-10).
-8
Let v(r) = -r**2 - 21*r + 106. Give v(-25).
6
Let x(l) = -25*l - 10. What is x(3)?
-85
Let v(o) = -o**3 - 22*o**2 + 137*o + 53. Give v(-27).
-1
Let r(p) = -p**3 + 58*p**2 - 113*p + 57. Calculate r(56).
1
Let u(o) = -45*o - 25. What is u(-1)?
20
Let i(y) = -y**2 + 13*y - 33. Calculate i(5).
7
Let y(u) = -4*u**2 - u + 17. Calculate y(-4).
-43
Let g(n) = -n**3 + 8*n**2 + 2*n - 10. Calculate g(8).
6
Let o(l) = -l**2 + l + 24. Give o(-5).
-6
Let v(s) = -s**3 + 8*s**2 - 8*s + 4. Calculate v(6).
28
Let r(s) = -s**2 + 14*s - 9. Calculate r(14).
-9
Let z(m) = -3*m + 27. What is z(8)?
3
Let i(g) = -79*g + 48. Calculate i(1).
-31
Let i(w) = -w**3 + 10*w**2 + 29*w - 344. What is i(9)?
-2
Let l(k) = 5*k + 3. What is l(0)?
3
Let t(f) = -12*f + 1. What is t(3)?
-35
Let c(d) = -5*d**2 - d - 1. Give c(-1).
-5
Let i(x) = x**3 - 11*x**2 - 12*x - 3. Give i(12).
-3
Let p(x) = 11*x + 4. Determine p(-4).
-40
Let q(k) = 3*k**2 + 24*k - 10. Determine q(-9).
17
Let p(q) = q**2 - 2*q - 4. Determine p(3).
-1
Let k(v) = v + 33. What is k(0)?
33
Let a(p) = 210*p - 4. Calculate a(1).
206
Let r(l) = -9*l - 2. Calculate r(-1).
7
Let q(j) = -j**2 + j. Calculate q(0).
0
Let x(k) = -k**2 - 18*k - 21. Give x(-18).
-21
Let y(o) = o - 37. What is y(6)?
-31
Let g(h) = 12*h + 119. Determine g(-9).
11
Let m(i) = i**3 - 13*i**2 + 9*i - 7. Determine m(12).
-43
Let l(p) = p**3 + 4*p**2 - p - 1. Give l(-4).
3
Let w(u) = -2*u**2 + 4*u. Calculate w(4).
-16
Let t(s) = -s**2 - 45*s - 210. Give t(-40).
-10
Let a(g) = 4*g + 15. Give a(-6).
-9
Let k(r) = r**3 + 19*r**2 + 20*r + 49. Give k(-18).
13
Let i(r) = -r**3 - 9*r**2 + 9*r - 2. Determine i(-10).
8
Let w(i) = -i + 8. Determine w(4).
4
Let i(u) = 49*u - 5. What is i(2)?
93
Let z(l) = 5*l**2 - 3*l - 2. Calculate z(-2).
24
Let m(p) = 4*p - 57. Give m(14).
-1
Let h(l) = 4*l - 1. Calculate h(3).
11
Let y(p) = p**3 - 5*p**2 - 2*p - 4. Calculate y(0).
-4
Let v(y) = -y**2 + 4*y - 4. Give v(3).
-1
Let k(c) = -8*c - 10. Determine k(-2).
6
Let g(s) = 59*s - 361. Determine g(6).
-7
Let a(j) = -j**3 - 6*j**2 + 3*j + 6. What is a(-5)?
-34
Let u(j) = 32*j - 483. Calculate u(15).
-3
Let n(y) = -y**3 - 8*y**2 - 9*y + 6. Give n(-6).
-12
Let t(s) = 3*s**3 - 4*s**2 - 4*s + 1. Determine t(3).
34
Let m(p) = -p**2 + 4*p + 7. Calculate m(4).
7
Let x(n) = -2*n + 15. Determine x(19).
-23
Let m(a) = a**2 - a - 4. Determine m(-4).
16
Let d(o) = -o**3 + 3*o**2 + 7*o + 14. Calculate d(5).
-1
Let u(v) = -4*v**2 + 2*v + 7. Determine u(-2).
-13
Let o(d) = -d**3 - 21*d**2. Give o(-21).
0
Let b(h) = -h + 11. Calculate b(-6).
17
Let b(j) = -51*j - 243. What is b(-5)?
12
Let z(w) = -20*w + 312. Give z(15).
12
Let h(v) = 4*v - 185. Give h(46).
-1
Let w(t) = -34*t**3 - t**2 + 2*t + 3. What is w(-1)?
34
Let t(x) = -13*x - 177. Calculate t(-16).
31
Let h(z) = 2*z - 13. Calculate h(6).
-1
Let a(p) = 4*p**3 - p**2 - 2*p - 4. Calculate a(-2).
-36
Let m(y) = 8*y - 4. Calculate m(-1).
-12
Let m(j) = 2*j**2 - 162*j - 499. Calculate m(-3).
5
Let m(i) = -8*i + 7. What is m(1)?
-1
Let z(s) = -3*s + 39. What is z(8)?
15
Let n(z) = -z**3 + 7*z**2 + 2*z + 1. What is n(8)?
-47
Let s(d) = -d**3 - 5*d**2 + 17. Give s(-4).
1
Let p(h) = h**3 + 54*h**2 + 152*h - 61. Give p(-51).
-10
Let s(p) = p**2 + 38*p + 138. What is s(-4)?
2
Let l(k) = -28*k + 50. Determine l(4).
-62
Let f(m) = -m**2 + 14*m - 17. Determine f(12).
7
Let g(v) = -4*v + 29. Give g(7).
1
Let l(h) = 9*h + 65. Calculate l(-8).
-7
Let d(i) = -2*i**2 - 6*i + 6. Calculate d(-4).
-2
Let h(t) = 6*t**2 + 30*t + 7. Calculate h(-5).
7
Let o(a) = a**3 + 7*a**2 - 9*a - 13. What is o(-8)?
-5
Let i(q) = -6*q + 1. Determine i(-3).
19
Let q(f) = -2*f**2 - 9*f + 6. Give q(-4).
10
Let q(s) = 4*s - 65. Determine q(14).
-9
Let c(h) = -h**3 - 9*h**2 + 18*h. Give c(-11).
44
Let o(d) = -d**3 - 3*d**2 + 7*d + 10. What is o(-4)?
-2
Let o(h) = -5*h**2 - 3*h - 2. What is o(-2)?
-16
Let t(h) = 3*h**2 + 2*h - 2. Calculate t(-2).
6
Let x(s) = -s**2 + 46*s + 260. Determine x(-5).
5
Let r(t) = t**3 + 3*t**2 - 5*t - 5. What is r(-3)?
10
Let a(d) = -d**2 - 16*d - 36. Give a(-14).
-8
Let f(t) = -t**3 - 7*t**2 - 5*t + 5. Calculate f(-7).
40
Let r(k) = -k**3 + 8*k**2 + 13*k - 25. Give r(8).
79
Let q(v) = v**2 - 2*v + 2. Determine q(0).
2
Let u(w) = -w - 31. Calculate u(-18).
-13
Let h(x) = -x**2 - 11*x + 18. Calculate h(-13).
-8
Let b(i) = i + 23. What is b(-17)?
6
Let a(z) = 3*z**3 - z**2 - z + 1. Determine a(1).
2
Let p(z) = 5*z - 2. What is p(-2)?
-12
Let i(g) = -g**3 - 12*g**2 + 3*g + 28. What is i(-12)?
-8
Let b(g) = g**3 + 7*g**2 + 12*g - 14. Give b(-5).
-24
Let c(h) = -h**3 - 7*h**2 - 16*h - 209. Determine c(-8).
-17
Let h(u) = u - 5. Calculate h(5).
0
Let i(c) = 4*c**2 - 4*c. What i